{"id":196,"date":"2017-03-16T11:15:00","date_gmt":"2017-03-16T11:15:00","guid":{"rendered":"http:\/\/domoservic.es\/?page_id=196"},"modified":"2017-03-16T11:15:00","modified_gmt":"2017-03-16T11:15:00","slug":"condiciones-de-uso","status":"publish","type":"page","link":"https:\/\/domoservic.es\/?page_id=196","title":{"rendered":"Condiciones de uso"},"content":{"rendered":"<p align=\"justify\">Las presentes condiciones son los t\u00e9rminos y condiciones con los que usted (el Usuario) e DOMOSERVIC SL , regulan el uso y disfrute de la web de DOMOSERVIC SL. Ser usuario de la web de DOMOSERVIC SL implica que Vd. reconoce haber le\u00eddo y aceptado las presentes condiciones y lo que se derive de la normativa legal aplicable en esta materia. Si Vd. no est\u00e1 de acuerdo con estas condiciones le rogamos que no contin\u00fae usando esta web.<\/p>\n<blockquote>\n<p align=\"justify\">\n1.- OBJETO DE LA WEB.<\/p>\n<\/blockquote>\n<p align=\"justify\">\nLa web de DOMOSERVIC SL (en adelante la web) se ha realizado con objetivo meramente informativo para sus usuarios, que disponen de informaci\u00f3n que se ofrece de forma gratuita y accesible para todo el mundo sin necesidad de abonar ning\u00fan importe en ning\u00fan momento del acceso. Es sobre este entorno especialmente, sobre el que cual DOMOSERVIC SL desea establecer las presentes condiciones y limitaciones de uso, que se extiende y a\u00f1ade en todas las cl\u00e1usulas complementarias y no contradictorias a las que puedan cubrir otras partes de la web sujetas a condiciones generales y\/o particulares.<br \/>\nIncluso unas \u00abCondiciones Particulares\u00bb en el caso de ser necesario para servicios concretos. Estas \u00faltimas \u00abCondiciones Particulares\u00bb habr\u00e1n de ser puestas a disposici\u00f3n del Usuario de forma fehaciente por cualquier medio y visadas de forma espec\u00edfica por el Usuario, antes de que ambas partes las consideren aceptadas y obren en consecuencia.<\/p>\n<blockquote>\n<p align=\"justify\">\n2- LIMITACIONES DE USO Y PROTECCI\u00d3N DE LA INFORMACI\u00d3N Y CONTENIDOS DE\u00a0<a class=\" link\" href=\"http:\/\/www.domoservic.es\/\">WWW.DOMOSERVIC.ES<\/a><\/p>\n<\/blockquote>\n<p align=\"justify\">El contenido y la informaci\u00f3n a la que pueda acceder el usuario a trav\u00e9s de la web, principalmente mediante el buscador o dentro del espacio reservado para usuarios registrados, son propiedad de DOMOSERVIC SL. Se puede visualizar dicha informaci\u00f3n para usos personales, informativos y no comerciales. Pero est\u00e1 prohibido copiar, distribuir, ejecutar, reproducir, licenciar, transferir o vender cualquier tipo de informaci\u00f3n que se extraiga de la web de DOMOSERVIC SL y en especial del buscador de usuarios.<\/p>\n<p align=\"justify\">DOMOSERVIC SL realiza cambios puntuales en la informaci\u00f3n, insertando marcas de agua con tecnolog\u00eda de cifrado, que no alteran el contenido ni significado de la misma en grado alguno, pero que permiten la detecci\u00f3n de comercializaciones il\u00edcitas de su base de datos y la procedencia de dichas comercializaciones, as\u00ed como la fecha e IP de extracci\u00f3n. DOMOSERVIC SL podr\u00e1 probar la captaci\u00f3n il\u00edcita de informaci\u00f3n y, por tanto, exigir\u00e1 las penas tipificadas en el c\u00f3digo penal al respecto de la apropiaci\u00f3n indebida de bases de datos.<\/p>\n<blockquote>\n<p align=\"justify\">\n3.- DERECHOS DE AUTOR Y MARCAS.<\/p>\n<\/blockquote>\n<p align=\"justify\">\nLa propiedad intelectual e industrial, marcas comerciales, gr\u00e1ficos, im\u00e1genes, logotipos, informaci\u00f3n e iconos visibles en el Web de DOMOSERVIC SL son de propiedad exclusiva de DOMOSERVIC SL o en su caso de la entidad o colectivo que ha autorizado su inclusi\u00f3n. Todo el contenido y su formato est\u00e1n protegidos por las leyes en vigor de \u00e1mbito nacional e internacional.<\/p>\n<p align=\"justify\">El uso interesado de cualquier contenido que se encuentre en el Web de DOMOSERVIC SL queda absolutamente prohibido, a no ser que exista concesi\u00f3n de una licencia por escrito.<\/p>\n<p align=\"justify\">\n<blockquote>\n<p align=\"justify\">4.- POL\u00cdTICA DE PRIVACIDAD.<\/p>\n<\/blockquote>\n<p align=\"justify\">\nEl objetivo de la pol\u00edtica de privacidad de DOMOSERVIC SL es cumplir al m\u00e1ximo la legislaci\u00f3n vigente de protecci\u00f3n de datos personales. Para cualquier duda al respecto, as\u00ed como para ejercer su derecho de oposici\u00f3n, rectificaci\u00f3n o cancelaci\u00f3n de sus datos en nuestras bases de datos deber\u00e1 identificarse de forma fehaciente y dirigirse por escrito a: DOMOSERVIC SL, Pol\u00edgono Industrial\u00a0Los Jaranes &#8211; Mina Mexicana Nave 14\u00a0(Ja\u00e9n), o al Tel\u00e9fono: 953 69 41 37, o a trav\u00e9s de la direcci\u00f3n de E-mail:\u00a0<a class=\" link\" href=\"mailto:info@domoservic.es\">info@domoservic.es<\/a>\u00a0Esta direcci\u00f3n electr\u00f3nica esta protegida contra spam bots. Necesita activar JavaScript para visualizarla<\/p>\n<p align=\"justify\">DOMOSERVIC SL no utilizar\u00e1 su informaci\u00f3n sin su permiso a excepci\u00f3n de su direcci\u00f3n de correo, cuando lo requiera, para mantener una conversaci\u00f3n que sea iniciada por Usted, adem\u00e1s de facilitarle, en la medida de lo posible y sin estar obligado en ning\u00fan momento a ello, una forma en la que pueda administrar su propia informaci\u00f3n y servicios. Al usar la Web\u00a0<a class=\" link\" href=\"http:\/\/www.domoservic.es\/\">www.domoservic.es<\/a>. Usted nos est\u00e1 autorizando a almacenar el rastro dejado por su direcci\u00f3n IP con el prop\u00f3sito de administrar los sistemas, mejorar la efectividad del Web y hacer estudios estad\u00edsticos globales, as\u00ed como c\u00f3mo medida de seguridad y para responder ante requerimientos judiciales si fuese el caso. El usuario tiene la posibilidad de aceptar o rechazar \u00abcookies\u00bb configurando para ello su navegador. En ese caso, es posible que algunas de las funcionalidades del web no funcionen adecuadamente. En ocasiones, en los formularios en los que se recogen datos se solicita la autorizaci\u00f3n para enviarle novedades sobre el servicio de DOMOSERVIC SL y\/o de terceros, y puntualmente realizar encuestas para conocer el nivel de satisfacci\u00f3n del Usuario sobre el servicio.<br \/>\nDOMOSERVIC SL, en su calidad de propietaria y gestora del Web, no podr\u00e1 vender ni alquilar a terceras organizaciones su lista de Usuarios y datos de contacto, aunque si es posible que dentro de las comunicaciones que haga directamente se incorpore informaci\u00f3n de terceras organizaciones que DOMOSERVIC SL entienda de inter\u00e9s especial para el Usuario, pudiendo oponerse a este tratamiento en cualquier momento seg\u00fan recoge nuestra pol\u00edtica de privacidad.<\/p>\n<blockquote>\n<p align=\"justify\">\n5.- RESPONSABILIDAD.<\/p>\n<\/blockquote>\n<p align=\"justify\">DOMOSERVIC SL no se hace responsable de los da\u00f1os y perjuicios que se produzcan por fallos o malas configuraciones del software instalado en el ordenador del Usuario, fallos en la transmisi\u00f3n y defectos del fabricante de software. Este web est\u00e1 preparado por defecto para ser visualizado en navegadores Microsoft Internet Explorer en sus versiones 5 o superiores con sistemas operativos Windows 95, 98, 2000, XP, NT4, SIETE,. DOMOSERVIC SL no responde de la falta de visualizaci\u00f3n de informaci\u00f3n relevante que pudieran producirse en otro tipo de combinaci\u00f3n posible de navegadores y\/o sistemas operativos.\n<\/p>\n<p align=\"justify\">Usted es el \u00fanico responsable de lo que suceda en su propio Equipo, y deber\u00e1 tomar las medidas de seguridad adecuadas para proteger la informaci\u00f3n alojada en el mismo, para evitar p\u00e9rdidas o da\u00f1os causados por descargas desde el Web Respecto de la informaci\u00f3n a la que pueda acceder el usuario a trav\u00e9s de la web, debido a las diferentes fuentes de obtenci\u00f3n de la misma y su proceso de grabaci\u00f3n, DOMOSERVIC SL no garantiza la correcci\u00f3n absoluta de la misma y por ello el Usuario no podr\u00e1 exigir responsabilidad alguna por da\u00f1os y perjuicios derivados de errores en la informaci\u00f3n suministrada.<\/p>\n<blockquote>\n<p align=\"justify\">\n6.- MODIFICACIONES.<\/p>\n<\/blockquote>\n<p align=\"justify\">DOMOSERVIC SL podr\u00e1 variar las presentes condiciones en cualquier momento, aunque no es intenci\u00f3n que sea frecuente, publicando en esta misma p\u00e1gina las fechas de las modificaciones y entrando en vigor de forma inmediata. Si por cambio legislativo o resoluci\u00f3n judicial deja de ser aplicable una parte de las presentes condiciones, dichas cl\u00e1usulas ser\u00e1n anuladas, pero las dem\u00e1s ser\u00e1n perfectamente v\u00e1lidas y permanecer\u00e1n en vigor. El hecho de continuar usando nuestro Web implica que Usted acepta estas condiciones y se compromete a aceptar las modificaciones realizadas en las mismas, oblig\u00e1ndose a revisar esta p\u00e1gina con frecuencia. En caso de no aceptar estas condiciones, no debe seguir visitando el Web de DOMOSERVIC SL.<\/p>\n<p align=\"justify\">\n<blockquote>\n<p align=\"justify\">\n7.- INDEPENDENCIA.<\/p>\n<\/blockquote>\n<p align=\"justify\">Los contenidos de DOMOSERVIC SL no tienen ninguna l\u00ednea pol\u00edtica ni se apoya ninguna ideolog\u00eda o grupo pol\u00edtico-social ni empresarial por encima<\/p>\n","protected":false},"excerpt":{"rendered":"<p class=\"qua-blog-post-description\">Las presentes condiciones son los t\u00e9rminos y condiciones con los que usted (el Usuario) e DOMOSERVIC SL , regulan el uso y disfrute de la web de DOMOSERVIC SL. Ser usuario de la web de DOMOSERVIC SL implica que Vd. reconoce haber le\u00eddo y aceptado las presentes condiciones y lo que se derive de la [&hellip;]<\/p>\n","protected":false},"author":1,"featured_media":0,"parent":0,"menu_order":0,"comment_status":"closed","ping_status":"closed","template":"","meta":[],"_links":{"self":[{"href":"https:\/\/domoservic.es\/index.php?rest_route=\/wp\/v2\/pages\/196"}],"collection":[{"href":"https:\/\/domoservic.es\/index.php?rest_route=\/wp\/v2\/pages"}],"about":[{"href":"https:\/\/domoservic.es\/index.php?rest_route=\/wp\/v2\/types\/page"}],"author":[{"embeddable":true,"href":"https:\/\/domoservic.es\/index.php?rest_route=\/wp\/v2\/users\/1"}],"replies":[{"embeddable":true,"href":"https:\/\/domoservic.es\/index.php?rest_route=%2Fwp%2Fv2%2Fcomments&post=196"}],"version-history":[{"count":1,"href":"https:\/\/domoservic.es\/index.php?rest_route=\/wp\/v2\/pages\/196\/revisions"}],"predecessor-version":[{"id":197,"href":"https:\/\/domoservic.es\/index.php?rest_route=\/wp\/v2\/pages\/196\/revisions\/197"}],"wp:attachment":[{"href":"https:\/\/domoservic.es\/index.php?rest_route=%2Fwp%2Fv2%2Fmedia&parent=196"}],"curies":[{"name":"wp","href":"https:\/\/api.w.org\/{rel}","templated":true}]}}