{"id":198,"date":"2017-03-16T11:15:23","date_gmt":"2017-03-16T11:15:23","guid":{"rendered":"http:\/\/domoservic.es\/?page_id=198"},"modified":"2017-03-16T11:15:23","modified_gmt":"2017-03-16T11:15:23","slug":"aviso-legal","status":"publish","type":"page","link":"https:\/\/domoservic.es\/?page_id=198","title":{"rendered":"Aviso Legal"},"content":{"rendered":"<blockquote><p>IDENTIFICACI\u00d3N DEL PRESTADOR DE SERVICIOS:<\/p><\/blockquote>\n<p align=\"justify\">\nEn cumplimiento con el deber de informaci\u00f3n general que, recogido en el art\u00edculo 10 de la Ley 34\/2002, de 11 de julio, de Servicios de la Sociedad de la Informaci\u00f3n y de Comercio Electr\u00f3nico, deben ofrecer los prestadores de servicios de la sociedad de informaci\u00f3n, a continuaci\u00f3n se reflejan los siguientes datos:<\/p>\n<p>La empresa titular del website\u00a0<a class=\" link\" href=\"http:\/\/www.domoservic.es\/\">www.domoservic.es<\/a>\u00a0es DOMOSERVIC SL con C.I.F: B-23.473.903 y direcci\u00f3n en\u00a0Pol\u00edgono Industrial\u00a0Los Jaranes &#8211; Mina Mexicana Nave 14\u00a0&#8211;\u00a0Linares (Ja\u00e9n), inscrita en el Registro Mercantil de Ja\u00e9n: tomo:\u00a0xxx \/ folio:\u00a0xx \/ inscrpci\u00f3n: 1\u00aa \/ hoja: J-xxxx.<\/p>\n<blockquote><p>AVISO SOBRE LA POL\u00cdTICA DE PRIVACIDAD DE LOS DATOS:<\/p><\/blockquote>\n<p align=\"justify\">\nA efectos de lo previsto en la Ley Org\u00e1nica 15\/1999, de 13 de diciembre, de Protecci\u00f3n de Datos de Car\u00e1cter Personal (LOPD), informamos a los usuarios que los datos personales introducidos voluntariamente ser\u00e1n guardados en el fichero CLIENTES cuya finalidad es la de que DOMOSERVIC SL pueda ofrecerles los servicios que m\u00e1s se adecuen a sus necesidades y preferencias.<\/p>\n<p>DOMOSERVIC SL garantiza la seguridad y confidencialidad de los datos facilitados. De este modo, se compromete al cumplimiento de su obligaci\u00f3n de secreto de los datos de car\u00e1cter personal y de su deber de guardarlos y adoptar todas las medidas necesarias para evitar su alteraci\u00f3n, p\u00e9rdida, tratamiento o uso no autorizado. Por lo tanto, toda la informaci\u00f3n que nos facilite no ser\u00e1 cedida a terceros salvo que en los casos que por obligaci\u00f3n legal as\u00ed haya que hacerlo o para la correcta prestaci\u00f3n de los servicios contratados.<\/p>\n<p>Usted podr\u00e1 en todo momento ejercitar los derechos de acceso, rectificaci\u00f3n, cancelaci\u00f3n y oposici\u00f3n, comunic\u00e1ndolo por escrito a nuestra direcci\u00f3n de correo electr\u00f3nico\u00a0<a class=\" link\" href=\"mailto:info@domoservic.es\">info@domoservic.es<\/a><\/p>\n<blockquote><p>VARIOS:<\/p><\/blockquote>\n<ul>\n<li>\n<div align=\"justify\">DOMOSERVIC SL, utiliza cookies que se quedar\u00e1n almacenadas en el ordenador. Las cookies son peque\u00f1os archivos que nuestro ordenador env\u00eda al suyo, pero que no nos proporcionan informaci\u00f3n ni sobre su nombre, ni sobre cualquier dato de car\u00e1cter personal suyo. Cuando el usuario se encuentre navegando por las p\u00e1ginas web de\u00a0DOMOSERVIC SL\u00a0el servidor donde se encuentra alojada reconoce autom\u00e1ticamente la direcci\u00f3n IP de su ordenador, el d\u00eda y la hora en la que comienza la visita, en la que abandona la visita, as\u00ed como informaci\u00f3n sobre las distintas secciones consultadas. Es necesario que el servidor conozca estos datos para poder comunicarse y enviarle la petici\u00f3n realizada y que a trav\u00e9s del navegador se pueda ver en la pantalla.<\/div>\n<\/li>\n<li>\n<div align=\"justify\">DOMOSERVIC SL podr\u00e1 modificar, sin previo aviso, la informaci\u00f3n contenida en su sitio web, as\u00ed como su configuraci\u00f3n y presentaci\u00f3n.<\/div>\n<\/li>\n<li>\n<div align=\"justify\">DOMOSERVIC SL no se hace responsable del incumplimiento de cualquier norma aplicable en que pueda incurrir el usuario en su acceso al sitio web y\/o en el uso de las informaciones contenidas en el mismo.<\/div>\n<\/li>\n<\/ul>\n","protected":false},"excerpt":{"rendered":"<p class=\"qua-blog-post-description\">IDENTIFICACI\u00d3N DEL PRESTADOR DE SERVICIOS: En cumplimiento con el deber de informaci\u00f3n general que, recogido en el art\u00edculo 10 de la Ley 34\/2002, de 11 de julio, de Servicios de la Sociedad de la Informaci\u00f3n y de Comercio Electr\u00f3nico, deben ofrecer los prestadores de servicios de la sociedad de informaci\u00f3n, a continuaci\u00f3n se reflejan los [&hellip;]<\/p>\n","protected":false},"author":1,"featured_media":0,"parent":0,"menu_order":0,"comment_status":"closed","ping_status":"closed","template":"","meta":[],"_links":{"self":[{"href":"https:\/\/domoservic.es\/index.php?rest_route=\/wp\/v2\/pages\/198"}],"collection":[{"href":"https:\/\/domoservic.es\/index.php?rest_route=\/wp\/v2\/pages"}],"about":[{"href":"https:\/\/domoservic.es\/index.php?rest_route=\/wp\/v2\/types\/page"}],"author":[{"embeddable":true,"href":"https:\/\/domoservic.es\/index.php?rest_route=\/wp\/v2\/users\/1"}],"replies":[{"embeddable":true,"href":"https:\/\/domoservic.es\/index.php?rest_route=%2Fwp%2Fv2%2Fcomments&post=198"}],"version-history":[{"count":1,"href":"https:\/\/domoservic.es\/index.php?rest_route=\/wp\/v2\/pages\/198\/revisions"}],"predecessor-version":[{"id":199,"href":"https:\/\/domoservic.es\/index.php?rest_route=\/wp\/v2\/pages\/198\/revisions\/199"}],"wp:attachment":[{"href":"https:\/\/domoservic.es\/index.php?rest_route=%2Fwp%2Fv2%2Fmedia&parent=198"}],"curies":[{"name":"wp","href":"https:\/\/api.w.org\/{rel}","templated":true}]}}